 3*y = 9 + 6. Let g = y + -11. Let u(h) be the first derivative of h**3/3 + 5*h**2/2 - 3*h - 1. Give u(g).
3
Let v(x) = -3*x**3 + 5*x**2 - x - 7. Let t(g) = -g**3 + g**2 + 1. Let i(d) = -4*t(d) + v(d). Suppose 0 = -h - h. Determine i(h).
-11
Let s = 51 - 21. Let l(w) = -36*w - 15. Let x(d) be the first derivative of -5*d**2/2 - 2*d - 4. Let p(a) = s*x(a) - 4*l(a). Calculate p(1).
-6
Suppose -18 = x - 13. Let k(h) = -4*h + 8. Give k(x).
28
Let p = -47 - -45. Let g(u) = u + 4. What is g(p)?
2
Let a(s) = s**3 - 3*s**2 - 3*s + 3. Let d be (-2)/(5 + 7/(-1)) + 2. Determine a(d).
-6
Suppose 2*g - 6*g - p = -17, 0 = 4*g - 3*p - 13. Suppose 9 = -d + g*d. Let f(o) = -d*o - 5*o + o + o. Calculate f(1).
-6
Let n(z) = -2*z - 2. Let x be n(-6). Let d(l) = 0 - 4*l - 5*l + x*l - 1. Calculate d(4).
3
Let f(y) = -y**3 - 4*y**2 - 3*y + 2. Suppose 4*n = 13 - 1. Suppose t - 6 = n*t. Let h be f(t). Let k(p) = -4*p + 3. Calculate k(h).
-5
Suppose -4*y + 28 = -2*k, 4*y - 5*k - 47 = -13. Let p(t) = -2*t + 1. Give p(y).
-11
Let y be (2/(-4))/((-1)/(-8)). Let x(q) = -q**2 + 4*q. Let g(u) = u**2 + u + 1. Let v(a) = -2*g(a) - x(a). Calculate v(y).
6
Let x(f) = -7 + 5 - 2*f + 3 + 12*f**3. Let h(n) = -2*n**2 - 25*n - 11. Let y be h(-12). Calculate x(y).
11
Let h be -1*1/(2/2). Suppose -3 = 5*a - 28. Let j(w) = 21*w. Let s(q) = -11*q. Let g(y) = a*j(y) + 9*s(y). What is g(h)?
-6
Suppose -z = -4*z + 9, 12 = -3*j + 3*z. Let x(q) = -1 + 37*q - 129*q - 9*q**3 + 49*q + 43*q. Calculate x(j).
8
Let u(p) = -p**2 + 3*p + 1. Suppose -5 = 3*g + 4*s, -7 + 22 = -g - 4*s. Determine u(g).
-9
Let a(y) = -y**3 - 4*y**2 + 2*y - 2. Let o be 11/((-44)/(-8)) - 6. What is a(o)?
-10
Let h(q) = -q + 1. Let j(t) = 4*t - 7. Let g(m) = 3*h(m) + j(m). Let o = -32 - -36. Determine g(o).
0
Let z(q) = -2*q**3 + 17*q**2 - 35*q - 32. Let l(f) = -f**3 + 8*f**2 - 18*f - 16. Let t(w) = -11*l(w) + 6*z(w). Calculate t(13).
-3
Suppose -10 + 13 = -5*v + q, -v - q = -3. Let m(x) = 3*x**2 - 2*x - 3. What is m(v)?
-3
Let q(d) be the third derivative of d**5/60 - 5*d**4/24 - 8*d**3/3 + 46*d**2. What is q(7)?
-2
Let u = 80 + -82. Let y(b) = -b**2 - 6*b - 5. Let r be y(u). Let x(i) = -3*i**2 + i + 2. Give x(r).
-22
Suppose 5*v = -4*i + 3*i + 20, 0 = 3*v - 9. Suppose -9*a = -i*a - 8. Suppose -3*l + 2*x - 5*x = 6, -2 = -a*l + x. Let o(u) = u**2 - u - 2. Determine o(l).
-2
Let u(a) = a**2 - 4*a - 26. Let n be u(8). Let m(w) = w**2 - 9*w + 5. What is m(n)?
-13
Let i(g) = -4*g**2 + 6*g - 2. Let w be i(2). Let s be 0*((-27)/w - 4). Let o(y) = 5 - 5*y**2 + 2*y**2 + y + 4*y**2. What is o(s)?
5
Suppose -21 + 6 = g. Let f = g + 20. Let m(k) = -6*k + f*k**2 + 0*k**2 + 2*k**2 - 8*k**2 + 2. Give m(-6).
2
Let h(o) = 2*o - 11. Let n(j) = 4*j - 24. Let l(t) = -9*h(t) + 4*n(t). Determine l(10).
-17
Let i be (-20)/6*(-3 - 0). Let l(d) = -4*d - 4. Let p be l(-2). Let z = i - p. Let r(j) = -j**3 + 6*j**2 + 3*j - 8. Calculate r(z).
10
Let y(h) = h**2 - 11*h + 7. Let i(p) = -2*p - 26. Let l be i(-17). Let t be 2 - ((-2)/l + 248/(-32)). Determine y(t).
-3
Let s(t) = 595*t**3 + 0*t - t - 594*t**3. Calculate s(-2).
-6
Let m(k) = 2*k + 4. Let j be 48/20 - (-9)/15. Suppose -4*q - 4*b + 4 = 0, 13 = -5*b + j. Suppose -q*u + 5*u + l = 11, 4*u = -4*l + 32. Calculate m(u).
10
Let c(z) = 4*z**3 - 2*z**2 - 13 + 19 - 5 - 5*z**3 + 4*z. Give c(-3).
-2
Let q(k) = -k + 8. Let m be 6/(((-40)/50)/((-2)/5)). Give q(m).
5
Let g(j) = 13*j**3 - 3*j**2 + 3*j + 2. Let a(q) = q + 3. Let i be a(-1). Let z(s) = -66*s**3 + 16*s**2 - 16*s - 11. Let u(f) = i*z(f) + 11*g(f). What is u(1)?
11
Let s be 2/9 - 2057/(-99). Let n = s - 18. Suppose 2*y - n = 5*y. Let u(b) = -9*b**2 - b - 1. Give u(y).
-9
Let y(l) = l**2 + 5*l + 6. Let f(k) = -3*k**2 - 10*k - 10. Let i be f(-1). Give y(i).
0
Let s(f) = f**3 - 2*f**2 + f - 3. Let d(u) = u**3 - u**2 + u - 2. Let b be (-20 + 18)*5/2. Let z(h) = b*s(h) + 4*d(h). Give z(6).
1
Let f(k) = -k**2 + k + 6. Let m(a) = 13*a + 213. Let y be m(-16). Determine f(y).
-14
Suppose -20 = -3*m + 3*v - 7*v, -v + 5 = 5*m. Let k be (m - -1)*2 - 3. Let w(r) = 1 + 2*r**2 + 3*r**2 - 4*r**2 + r. Give w(k).
1
Let n(g) = -5*g - 2. Let t(o) = -o**3 + 2*o**2 + 9*o - 17. Let a be t(3). Calculate n(a).
-7
Let m be -1 + 11 - 5 - (-3)/(-1). Let t(y) = 6 + 0*y**2 - y**3 + y**2 - y - 8*y**m + 3*y. Give t(-7).
-8
Let w be (-2 + 0)/((-50)/(-10))*-5. Suppose -5*r = -10, w*s + 3*s - 30 = 5*r. Let k(l) = l**2 - 6*l - 10. Determine k(s).
6
Let v(w) = w**3 - 2*w**2 - 34*w - 1. Let a be v(-5). Let q(m) = -m**2 - 5*m + 10. Calculate q(a).
4
Let h(q) be the third derivative of -q**4/8 + 17*q**3/3 - 392*q**2. Determine h(12).
-2
Suppose 2*j = -4*o - 6 - 14, 3*j + 4*o + 22 = 0. Let m(x) be the third derivative of 0*x - 1/8*x**4 + 0 - 1/2*x**3 - 2*x**2. Calculate m(j).
3
Let m = 45 - 41. Suppose 4*a - 4 = -m*y + 4, y + 4 = -4*a. Let t(r) be the second derivative of -2*r**3/3 + 5*r**2/2 + r. Determine t(y).
-11
Suppose 0 = 4*w - 3*c + 2*c + 14, 5*w - c = -18. Let d(s) = -s**3 - 4*s**2 - 2*s + 3. Determine d(w).
11
Let l be (4 + -3)*(11 - 0). Let n(f) = 0*f + l*f - 9*f - f. Let c = -9 - -9. Calculate n(c).
0
Let d = -73 - -78. Let n(c) = 4*c**2 + 3 - 13*c**2 + 7*c + 8*c**2. Calculate n(d).
13
Let w(y) be the first derivative of -y**3/3 + 7*y**2/2 - 13*y - 1. Let t be w(3). Let c(l) = 16*l**3 - l. Give c(t).
-15
Let c(q) = -q**3 + 7*q**2 - 3*q + 14. Suppose 0 = -29*m - 186 + 389. Determine c(m).
-7
Let n(v) = 91*v**2 + 1 + 5 + 4*v - 93*v**2. Calculate n(-4).
-42
Suppose 0 = 192*p - 223*p + 124. Let n(d) be the second derivative of -3/2*d**2 + 1/12*d**p + 1/6*d**3 - 9*d + 0. Give n(0).
-3
Suppose 3*h + 4 = 5*h. Let r(a) = 9*a**h - 18*a**2 + 2*a**3 + 5 - 3*a**3. Determine r(-9).
5
Let x be ((6 + -2)/(-8))/((-3)/18). Let y(l) = -9 + 0 - l**2 - 3 + l**x + 15. Calculate y(0).
3
Suppose 0 = -3*h - 4*a - 6, 0 = 2*h - 2*a + 7 - 17. Let l(y) = -y + y**3 + 4 + 3 - y**h - 1 - 2. Suppose -q + 6*q = 0. What is l(q)?
4
Let q(a) = -a**3 - 5*a**2 - 2. Let p be q(-5). Let n be (-90)/21 + p/(-7). Let s be (-2 + 5 + n)/(-1). Let g(m) = -2*m**2 + 1. Calculate g(s).
-1
Suppose c - 10 + 6 = 0. Suppose -2*r = 3*a + 22, -c*a + 2*a + 5*r = 2. Let i(n) = -n**3 - 5*n**2 + 6*n + 2. Calculate i(a).
2
Let n(j) = -605*j**2 + 608*j**2 + 3*j - 4*j + 2*j. Give n(0).
0
Let x(s) = s + 8. Let g(u) = 2*u + 22. Let y be -1*(-4 + (20 - 3)). Let b be g(y). Give x(b).
4
Let x = -19 + 24. Suppose x + 10 = 5*l. Let r(j) = 3*j**2 + 6 - 5*j**3 + l*j**3 - 9*j**2 + 3*j**3. Give r(6).
6
Let w(t) = -35*t + 9. Let k(q) = 41*q - 9. Let v(a) = 6*k(a) + 7*w(a). Determine v(-15).
-6
Suppose 13 + 7 = -4*y - 2*t, 0 = -2*y - 3*t - 14. Let g(i) = -2*i - 9. What is g(y)?
-1
Let c(x) = -x**3 + 2*x. Let j = 257 + -255. Give c(j).
-4
Let h be (-12)/3 + (-1 - 1). Let b = h - -18. Let t = b - 8. Let a(r) = -r**2 + 4*r - 6. Calculate a(t).
-6
Let v(a) = 2*a - 6. Let s be v(-4). Let j be 38/5 + s/(-35). Let i(l) = l**3 - 2*l - 2*l**2 + 0*l**3 + 0*l - 4*l**2 + j. Calculate i(6).
-4
Let m be (-2)/(3 + -1 - 3). Suppose -r - m*x = -2*r + 8, 7 = r - x. Let s(f) = -f**3 + 7*f**2 - 6*f + 6. Determine s(r).
6
Let w(l) = -l**2 + 5*l + 1. Let v(g) = -g - 24. Let d be v(-14). Let n be d*(1/4 - (-170)/(-200)). What is w(n)?
-5
Let o(y) = -y**3 + 11*y**2 + 13*y - 8. Let p be o(12). Suppose -4*c - 4*a = 4, 0 = -c + 5*c - 4*a + p. Let j(f) = -5*f**3 + 2*f**2 - 1. Determine j(c).
6
Let r(j) = j + 5. Suppose -8 = 2*o - 0*o, -a - 3*o + 8 = 0. Suppose -5*x - 15 = a. Give r(x).
-2
Let c(v) be the second derivative of -1/2*v**2 + 1/20*v**5 - 1/2*v**4 - 4/3*v**3 + 4*v + 0. Calculate c(7).
-8
Suppose 39 + 73 = 8*r. Suppose 11*l - 13*l = -r. Let x(z) = z - 4*z**3 - z**2 - 2 + 5*z**3 + l*z**2. Calculate x(-6).
-8
Let g(k) = 19*k + 35. Let i(w) = -9*w - 16. Let y(x) = 3*g(x) + 7*i(x). What is y(-1)?
-1
Let q(f) = 2*f**2 + 36*f - 2. Let j be q(-18). Let l(o) = -2*o**2 + 4*o + 3. Determine l(j).
-13
Let k(o) = -o**3 + o - 5. Let i(q) = -q**3 - 10*q**2. Suppose -4*t - t - 17 = -3*y, 4*y + t = 15. Suppose y*x + 27 + 13 = 0. Let w be i(x). Give k(w).
-5
Let k = 0 - -2. Suppose -2*l - 4*z = -22, 2 + 0 = -2*l + k*z. Let n(p) = p + 2 - 1 + l + 4. What is n(6)?
14
Let t(k) = -11*k - 3. Let g(z) = -1. Let p(r) = 2*r**2 + 8*r + 4. Let o be p(-3). Let j(v) = o*g(v) + t(v). What is